et h(d) be the second derivative of 13*d**5/20 - d**2/2 - 10*d. Determine h(-1).
-14
Let b(i) = -i**2 + i + 4. Let x be -2 - (-5 - (1 + 1)). Suppose -r = -3*r - x*h + 11, 2*h - 5 = -r. Determine b(r).
-2
Let a(r) = r**2 - 5*r. Suppose 11 - 26 = -5*k. Suppose 2*z = -3*n - 2, 0 = -5*z + 6*n - k*n + 16. Suppose 3*v = z + 10. Give a(v).
-4
Let j(u) = -u**3 - 9*u**2 - 4 - 6*u + 15*u**2 - 11*u**2. Give j(-4).
4
Let i(d) = -12 + 0*d**3 - d**3 - 16*d - 6*d**2 + 4 + 22*d. Determine i(-7).
-1
Let o be (-1)/((-1)/5 + 0). Suppose o*l + 0*l = 35. Let g(u) = -2 + 2*u + l - 4 - 3*u. Calculate g(-3).
4
Let i(q) = q**3 + 3*q**2 + 4*q + 1. Let l(h) = h**2 + h. Let s(k) = i(k) - 4*l(k). Let t be 0/(6/2 - 2). Give s(t).
1
Let n = 156 + -148. Let b(y) = y**2 - 7*y + 12. Determine b(n).
20
Let v(k) be the first derivative of -7*k**3/3 - k**2 + k - 1. What is v(1)?
-8
Let x(a) = 2*a - 4. Let b be x(5). Let m(p) = -5*p**2 - 6*p - 3. Let r(l) = 14*l**2 + 18*l + 8. Let k(j) = 17*m(j) + 6*r(j). Give k(b).
-3
Let m(d) = 7*d**3 + d**2 + 2*d + 1. Let l(c) = -c + 5. Let r be l(4). Suppose 5*g = -5*q, 2*q = 1 + r. What is m(g)?
-7
Suppose 5*s = 6 + 9. Let r be (-4)/(55/(-35) - -1). Suppose -j = s*k + 7, -j - j + k = r. Let m(t) = t**2 + 4*t + 5. Calculate m(j).
5
Let b(l) be the second derivative of l**6/120 - l**5/30 + l**4/12 - 2*l**3/3 + 3*l. Let v(c) be the second derivative of b(c). Give v(2).
6
Let s(p) = p**3 - 3*p**2 - 9*p - 9. Let r(t) = 2*t**3 - 6*t**2 - 17*t - 17. Let k(w) = 6*r(w) - 11*s(w). Calculate k(4).
1
Let c(j) = 3*j + 14. Let z(a) = -4*a - 20. Let u(h) = 7*c(h) + 5*z(h). Suppose 0 = -g + 4*g - 6. Determine u(g).
0
Let z(l) be the second derivative of l**5/20 + l**3/6 + 3*l. Give z(1).
2
Let a = -6 - -10. Let b = 5 - 3. Suppose 2*f - d + 2 = 3*d, -a = b*d. Let m(s) = -s**2 - 3*s + 5. Give m(f).
-5
Let x(r) = r**3 + r**2 - r - 10. Let o(u) = -2*u - 18. Let s be o(-9). What is x(s)?
-10
Let n(v) = v + 1. Let o(s) = 5*s**2 - 1. Let k be (-2)/(-9) - 44/36. Let p be o(k). Give n(p).
5
Let a(p) = 3*p - 8. Let i(j) = -2*j + 7. Let t(o) = -6*a(o) - 7*i(o). Let m = 2 - 3. What is t(m)?
3
Let w(v) = -2 + 3*v**3 - 3*v**3 + 5*v**2 + 2*v**3 - 3*v**3 - 3*v. Let r(d) = 3*d - 2. Let f be r(5). Suppose 5 = -2*u + f. Determine w(u).
2
Let s(b) = -b**3 + b**2 - b - 5. Let h be -2 + 2 + (-5 - -3). Let z = 3 - 5. Let x = z - h. Calculate s(x).
-5
Let t(i) = -i + 2. Let s be (-2)/10 + 1 + 26/5. Give t(s).
-4
Let n(k) be the first derivative of k**2 + k - 6. Determine n(1).
3
Suppose -6*w - 18 = 24. Let u(k) = k**2 + 8*k. Calculate u(w).
-7
Suppose -2*a + 5*a - 14 = -4*g, -4*g - 2*a + 12 = 0. Let p = 0 + g. Let f(u) = -u - 2*u + p*u. What is f(-5)?
5
Let v = 51 + -30. Let u = v - 13. Suppose -f - 2*o = -4*o - u, f - 7 = o. Let d(a) = -a**2 + 5*a - 1. Calculate d(f).
-7
Let c(n) = 2 + 1 - 4*n**2 + 3*n**2 - 5*n + 2. Give c(-5).
5
Let h(s) be the third derivative of 1/120*s**6 - 1/15*s**5 - s**2 + 0*s + 1/3*s**3 + 1/12*s**4 + 0. Let b be (-3 - (0 + -2))*-3. Give h(b).
-1
Let p(z) = z - 2. Let m be p(2). Let v(g) = -g**2 + g - 5. Give v(m).
-5
Let t(h) be the second derivative of -h**3/6 - h**2 + 8*h + 2. Give t(6).
-8
Let k(i) = i**2 + 13*i - 11. Let t be (-3)/(-3 + -30*9/(-84)). Calculate k(t).
3
Let y = -25/8 - -115/24. Let n(c) be the first derivative of 1 - y*c**3 + c**2 - c. What is n(1)?
-4
Let t(g) = -g + 5. Let h(j) = -j - 7. Let f be h(-11). Calculate t(f).
1
Let o(r) = 2*r**2 + 7*r - 4. Let g(d) = d**2 + 3*d - 2. Suppose 2*w - 2 = -6. Let q(n) = w*o(n) + 5*g(n). Calculate q(-3).
4
Let p(r) = 4*r - 2. Let d(u) = -9*u + 3. Let x(i) = 2*d(i) + 5*p(i). Give x(3).
2
Suppose -2*l = -6*l. Suppose l = 5*q - 0*q + 50. Let t = -5 - q. Let p(b) = -b**2 + 7*b - 7. Calculate p(t).
3
Let m be (-4)/6 + 11/3. Suppose -2*h = -5*l + 18, l - 2*h + h - 6 = 0. Let i(u) = -6*u**3 - 1 + l*u**2 + 0*u**2 - m*u**3. Determine i(1).
-8
Let c(a) = -2*a**2 + 4*a + 1. Suppose 1 = f - 2. Suppose -l = -f - 0. Give c(l).
-5
Let i(t) be the first derivative of -t**4/4 + 4*t**3/3 - t**2 + 2*t - 6. Determine i(4).
-6
Suppose 4*j = -5*g + 2*g + 9, 2*g = -2*j + 6. Suppose g*a + 2*a - 5*o = 35, 0 = a - 3*o - 15. Suppose -l = -a*l. Let x(t) = -t**3 + t**2 + t - 9. What is x(l)?
-9
Let h(f) = 9*f**3 - 3*f**2 + 9*f + 7. Let d(i) = 5*i**3 - 2*i**2 + 5*i + 4. Let v(j) = 11*d(j) - 6*h(j). Give v(4).
6
Suppose 5*s - 135 = 2*s. Let g be 4 - (1 + -2 - -1). Let f be s/10 + (-2)/g. Let k(u) = u**2 - 6*u + 2. What is k(f)?
-6
Let u(l) = -8*l**3 + l**2 - l. Let s be -4 + 3 + (-4)/(-2). What is u(s)?
-8
Let h(p) = 2*p + 28. Let q(a) = a + 9. Let k(o) = 3*h(o) - 10*q(o). Let m(v) = v + 1. Let x(j) = -k(j) - 5*m(j). What is x(-5)?
6
Let c(d) = -12*d**3 + d**2 + 2*d + 1. Let z = 22 - 23. Calculate c(z).
12
Let y(a) be the first derivative of a**6/24 - a**4/24 + a**2 - 1. Let u(b) be the second derivative of y(b). Let z be u(1). Let s(g) = 3*g - 3. Determine s(z).
9
Let w(v) = -2*v + 2. Let n(y) = y - 1. Let d(r) = 6*n(r) + 4*w(r). Let f = 5 - -1. Give d(f).
-10
Let x(g) = 2*g + 1. Suppose -m + 6 = 4. Let y be (-15)/(-10)*m*-1. Calculate x(y).
-5
Let o = 5 + 0. Suppose a - o = -4*a. Let m be 1/((-6)/5 + a). Let l(r) = -r**2 - 5*r - 4. Give l(m).
-4
Let g(s) be the third derivative of -s**4/8 + s**3/6 - 8*s**2. Suppose 0 = -2*u + 4*t - 6, -2*u + 3*t - 8 = -2*t. Determine g(u).
-2
Let i(g) = -2*g + 2. Suppose 0 = -l - n + 5, 2*l + n - 7 = -0*n. Let z(r) = 0*r - 2 - 2*r + 0*r - r**l. Let o be z(-2). What is i(o)?
6
Let z(j) = 11 - 2*j - 6 - 6. Determine z(-1).
1
Let r(w) = w**2 - 6*w + 3. Let j be r(4). Let t = -2 - j. Let m(z) = t - 2 - 4 + 3*z. Calculate m(2).
3
Let n(c) = c**2 + 2*c - 4. Let x = -63 - -60. Give n(x).
-1
Let o(k) be the third derivative of -k**4/24 + 11*k**3/6 - k**2. Suppose 0 = -5*z - 7 + 32. What is o(z)?
6
Let c(a) = -9*a**2 + 13*a - 3. Let j(r) = -5*r**2 + 6*r - 2. Let v(l) = -3*c(l) + 5*j(l). Let k(w) = w. Let d(f) = -5*k(f) - v(f). Determine d(3).
-5
Let v(g) = 13*g - 5. Let u(k) = 162*k - 63. Let b(a) = 5*u(a) - 63*v(a). Let q(x) be the first derivative of -x**2/2 - 5*x - 2. Let z be q(-6). Determine b(z).
-9
Let q = 54 - 49. Let g(i) = i**3 - 4*i**2 - 6*i + 5. Calculate g(q).
0
Let j(o) = -o**2 + 4*o + 1. Let f be j(3). Suppose -2*h = -f*h + 4. Let c(m) = -5*m + 3*m - 4*m + h + 5*m - m**2. Give c(-2).
0
Let b(k) = -k**3 - 3*k**2 + 5*k + 3. Suppose 0 = 5*d + 2*t + 13, -4*d = -3*t - 7 + 22. Calculate b(d).
-12
Let v(q) = q**3 - 4*q + 7*q - 3*q**2 - 6 + 4*q - 2*q**2. Let b(w) = w - 2. Let p be ((-9)/(-12))/(2/16). Let u be b(p). Give v(u).
6
Let l = -4 + 9. Let h(s) = -4*s**2 + 5*s - 2. Let n(q) = q**2 + 1. Let k(d) = l*n(d) + h(d). Let z(g) = g**3 + 6*g**2 + 5*g - 4. Let c be z(-5). Calculate k(c).
-1
Let i(b) = -b**2 - 3*b + 2. Let u be i(-3). Let f be -3 - (u + 1 + -2). Let j(n) be the first derivative of -n**4/4 - 5*n**3/3 - 5*n**2/2 - 6*n + 1. Give j(f).
-2
Let m be (-2)/5 + (-153)/(-45). Let y = -9 + m. Let w(j) = -j**2 - 7*j. Determine w(y).
6
Let o(i) be the first derivative of -i**4/4 - i**2/2 - 16. Calculate o(-2).
10
Let r(i) = -4*i**2 + 3*i - 3. Let c(w) = -w**3 + 2*w**2 - 2*w + 2. Let k be c(0). Determine r(k).
-13
Let w(b) = 5 - 5 - 4 - 3*b + 3. Determine w(-4).
11
Let p be (9/(-4))/(3/(-12)). Suppose 3*o = -0*o + p. Let s(k) = -2*k**2 + 2 + 3*k**2 - o - k. Give s(2).
1
Suppose -37 = 5*v - 0*v + 4*f, -3*v + 2*f = 9. Let i be 6/4*4/3. Let w(k) = 4*k**2 - i - k + k**3 - 4 - 5*k. What is w(v)?
-1
Suppose 4*a - 65 = 5*o - 20, -5*o = -3*a + 40. Suppose -x - 2*x + 3 = 0. Let w(y) = 0 + x + 1 - y + 0*y. Calculate w(a).
-3
Let r be (-6)/((2 + -4)/1). Suppose 8*h = r*h. Let w(k) = k**2 + k - 3. Calculate w(h).
-3
Suppose 0 = 5*l - 4*h - 8, h - 1 = 4*l - 3. Suppose l*b = 2*b - 4. Let p(w) = -5*w + 3. Give p(b).
-7
Let d(p) be the second derivative of p**3/2 + 3*p**2 - 35*p. Determine d(-7).
-15
Let l(h) = -6*h + 1. Let b(q) = -6*q + 3*q + 2*q. Let z(r) = 5*b(r) - l(r). What is z(3)?
2
Let d(i) = -i + 10. Let t be d(6). Let w(b) = -b**3 + 3*b**2 + 3*b - 2. Give w(t).
-6
Let v(z) = -z + 2. Let d = -61 - -64. Give v(d).
-1
Let o(j) = -j**3 - j - 1. Let u(k) = 2*k**3 - 3*k**2 + 6*k + 1. Let c(h) = 3*o(h) + u(h). Let z(l) = -l**3. Let w(g) = -c(g) + 2*z(g). Calculate w(2).
0
Suppose -5*p = -0*p - 15. Le